2*h. List the prime factors of 120/24*(-4)/(-10)*h.
2, 13
Let n(g) = -2*g**3 - 10*g**2 - 8*g - 15. What are the prime factors of n(-6)?
3, 5, 7
Let d = 420 - -1408. What are the prime factors of d?
2, 457
Let n(g) = g**3 + 4*g**2 - 5*g - 6. Suppose -3*s - 22 - 5 = 5*y, 5*s + y + 23 = 0. Let m be n(s). Suppose m = -2*p + 56. List the prime factors of p.
3, 7
What are the prime factors of (306/(-85))/((-2)/760)?
2, 3, 19
Let z(r) = r**3 + 29*r**2 - 36*r - 155. List the prime factors of z(-23).
3847
Let b(f) = 25*f + 4. Let j(y) = y + 1. Let l(t) = b(t) - 2*j(t). Suppose 0 = 23*w - 2*w - 21. What are the prime factors of l(w)?
5
Let a(v) = -53*v**2 + 0*v**3 + 102*v**2 - 6*v + v**3 - 38*v**2 + 10. Suppose 2*b = 3*o + 37, -2*b = 6*o - 3*o + 29. What are the prime factors of a(o)?
2, 19
Let q = -7 + 10. Suppose 0 = 2*s + t - 1 - 8, 0 = -s - 2*t + 12. Suppose 5*l + 36 = q*j, -s*j - 2*l = j - 36. What are the prime factors of j?
2, 3
Let s(g) = -g**3 + 13*g**2 + g - 10. Let f be s(13). Suppose -343 = -f*t + 62. Suppose j - 6*j + t = 0. What are the prime factors of j?
3
Let i = -14 - -47. Suppose -o + i = -5*u - 3, 15 = -3*u. What are the prime factors of o?
11
Suppose v = 5*v - 16. Suppose 0 = -2*k - 2*k - v*a + 88, 5*k - 5*a - 90 = 0. List the prime factors of k.
2, 5
Let h = -479 + 1679. What are the prime factors of h?
2, 3, 5
Let l = 7 + 159. What are the prime factors of l?
2, 83
Suppose -4*f = -3*q + 2277, -8*f - 2274 = -3*q - 5*f. What are the prime factors of q?
5, 151
Let u be (-11)/44 + (-18)/(-8). Suppose 0 = -u*o + 1 + 9. Suppose 2*v + 2*w = 128, o*w + 58 = 4*v - 3*v. What are the prime factors of v?
3, 7
Let c(f) = 3*f**2 + 103*f - 101*f - f**2 + 2. What are the prime factors of c(-6)?
2, 31
List the prime factors of (-4)/18 - ((-8878)/18 - -4).
3, 163
Suppose -2693 = -3*g - 80. List the prime factors of g.
13, 67
Let w = 6874 + -3429. What are the prime factors of w?
5, 13, 53
Let m(h) = 1589*h - 203. List the prime factors of m(4).
3, 7, 293
Let l be (3/15 - (-614)/(-20))*6. Let o = -101 - l. What are the prime factors of o?
2, 41
Let c(f) = 7*f**3 - 5*f**2 + f + 4. Let o be c(2). Suppose -o = -10*h + 198. List the prime factors of h.
2, 3
Let t = 80 - 76. Suppose 3*p = -t*x - 0*p + 653, -p = 5. What are the prime factors of x?
167
Let k = 33 + -49. Let c = k + 21. Suppose c*g - b - 200 = -6*b, -g + 4*b + 25 = 0. What are the prime factors of g?
37
Let x be (-151)/(2*4/(-8)). Let g = x - 89. List the prime factors of g.
2, 31
Let d be 2/(-8) + (-117)/(-52). Suppose -d*b - 3 = -11. List the prime factors of (6/b)/(1/26).
3, 13
Let a(x) = 37*x + 14. What are the prime factors of a(3)?
5
Suppose -12*a = -6334 + 550. What are the prime factors of a?
2, 241
Suppose -3*p - 4*u = -p + 8, u = -p - 2. Suppose p*a = 5*a + 145. Let c = -5 - a. List the prime factors of c.
2, 3
List the prime factors of 1 - 7 - -3 - 0 - -495.
2, 3, 41
Suppose 31 + 302 = l. Let w = l - 115. What are the prime factors of w?
2, 109
Let a(d) be the third derivative of -47*d**4/24 - d**3/6 + 5*d**2. Suppose 0*h + 2*h = 4*c + 10, -c + 1 = -4*h. List the prime factors of a(h).
2, 23
Suppose -3*g = -g - 10. What are the prime factors of (-3 - (2 - 53))*(-4 + g)?
2, 3
Suppose 9*k = -5*k + 2758. What are the prime factors of k?
197
Let x = 993 - 587. What are the prime factors of x?
2, 7, 29
Let r be -2 - (-15)/(-5) - -8. Suppose -x = r*t - 6*x - 152, x = -3*t + 182. What are the prime factors of t?
59
Let a(k) = -k**2 - 15*k - 25. Let y be a(-13). Let g(f) = 36*f + 3. List the prime factors of g(y).
3, 13
Let a(o) = -o**2 + 2*o - 1. Let c be a(1). Suppose -5*f + 0*f + 15 = c. Suppose f*v - 2*y - 41 = 20, -48 = -4*v - 4*y. What are the prime factors of v?
17
Let y(z) be the first derivative of -z**4/4 + z**3 - 2*z - 9. Let t be (-2)/(-5) + 16/10. What are the prime factors of y(t)?
2
Suppose -4*a + 45 = 5. What are the prime factors of ((-15)/a)/((-173)/170 + 1)?
5, 17
Suppose 9*d = 10*d - 909. What are the prime factors of d?
3, 101
Let s = 361 - 196. Suppose -2*b + 4*v + 306 = 0, -b - v + s = 15. List the prime factors of b.
151
Let q(w) = 10*w - 68. Let i be q(7). Suppose -i*f + 6*f = 132. List the prime factors of f.
3, 11
Let v = 397 + 44. List the prime factors of v.
3, 7
Suppose 4*d + j - 896 = 3*d, 2*j = -4*d + 3580. List the prime factors of d.
2, 3, 149
Let b(r) = -r**2 + 22*r - 124. Let m be b(11). Let s(f) = -f**2 - 4*f + 2. Let d be s(-6). Let i = m - d. List the prime factors of i.
7
Suppose 426*z - 430*z + 940 = 0. What are the prime factors of z?
5, 47
Let d(v) = v**3 + 9*v**2 + 6*v + 28. Let a be d(-8). Suppose -2*p + 30 = 3*x, a = 5*p - 3*x - 10. What are the prime factors of p?
2, 3
Let x be 6/(-2*(-9)/(-12)). List the prime factors of (3/3 - -2) + (92 - x).
3, 11
Suppose -5*h = -4*w - 17141, -h + 6870 = h - 5*w. What are the prime factors of h?
5, 137
Let r(j) = -j**2 - 5*j + 1. Let z be r(6). Let c = -15 - z. List the prime factors of c.
2, 5
Let q = 2263 - 1413. Suppose 0*w = 5*i + w - 820, -5*i + q = -5*w. List the prime factors of i.
3, 5, 11
Let s be 4/(-2) + -1 + 12. Let w(r) = -3*r + 23. Let v(j) = 5*j - 35. Let k(q) = 5*v(q) + 8*w(q). What are the prime factors of k(s)?
2, 3
Let b be (0 - 3) + 7 + -2. Suppose -1 = -m - b, 4*m = -q - 2. Suppose q*u = -0*u + 14. List the prime factors of u.
7
Let t be (-10)/(-25) + 26/10. Suppose 2*a + 4*v - 104 - 64 = 0, t*a = 3*v + 207. Suppose -3*x + x - 5*u = -a, 5*u = x - 52. What are the prime factors of x?
2, 3, 7
Let s = 533 + 66. What are the prime factors of s?
599
Let d(q) = 22*q**3 + 19*q**2 - 33*q - 32. List the prime factors of d(5).
2, 757
List the prime factors of (7 + 80/6)*(12 - 0).
2, 61
Let a be (-7)/(7/2) - -28. Let k = a - -21. What are the prime factors of k?
47
Let r(l) = l**2 - 16. Let x be (-3)/(-12) + 55/20. Let a be x/5*5*3. What are the prime factors of r(a)?
5, 13
Suppose 3835 = -8*y + 21*y. List the prime factors of y.
5, 59
Let j(g) = g**3 + 20*g**2 - 22*g - 19. Let o be j(-21). Suppose 4*q - o*n - 101 = 109, -3*q + 156 = -n. List the prime factors of q.
3, 17
Let s = -3 + 2. Let f be s + (1 - 2 - -1). List the prime factors of (f/(-4))/((-5)/(-460)).
23
Let j be (63/(-12))/(12/32). Let w be (-4)/14 + (-46)/j. Suppose -17 = -w*a + 4. What are the prime factors of a?
7
Suppose 0 = -2*s + u + 2613, 0 = -s - 2*u + 1508 - 204. List the prime factors of s.
2, 653
Let a = -243 + 352. What are the prime factors of a?
109
Let t(v) = 25*v. Let b be t(2). Suppose -b = -0*h + 2*h. Let z = h - -36. What are the prime factors of z?
11
List the prime factors of 5/(455/119626) + 8/(-14).
2, 3, 73
Suppose r = 3*z + 1982, 11*z - 10*z - 9958 = -5*r. List the prime factors of r.
11, 181
Suppose -u = 5*j + 21 - 0, -u + 14 = -2*j. Suppose -6 = 2*v - u*x, x = -2*v - 2*v - 3. What are the prime factors of (7*(0 + -3))/v?
3, 7
Let f = 48 + -49. List the prime factors of (-572)/(-3) - (-7)/(22 + f).
191
Let p = 116 - 112. Suppose 704 + 168 = p*z. List the prime factors of z.
2, 109
Let v(i) = 3*i + 0*i - 2*i. Let f be v(-5). Let l = 12 - f. List the prime factors of l.
17
Suppose 0 = -22*n + 10640 + 756. What are the prime factors of n?
2, 7, 37
Let u(v) = 4*v**2 - v + 7. Let w be u(5). Suppose w + 58 = 5*z. Suppose 2*d + m - 42 = 0, -d + 0*m + 5*m = -z. What are the prime factors of d?
2, 11
Let v(j) be the second derivative of j**4/3 - j**3 + 8*j**2 - 3*j. What are the prime factors of v(6)?
2, 31
Suppose 3*m - 2*m - 30 = 0. Let b be (-6)/m - (-1589)/(-5). What are the prime factors of (-2)/(-7) - b/14?
23
Suppose 2*n = -40 + 46. Suppose n*y = -4*y + 63. What are the prime factors of y?
3
Let t = 72 - 62. List the prime factors of (-4)/t + ((-55647)/(-45))/9.
137
Let a be (7/(-2))/7*0. Suppose -5*d = -2*x - 2064, 3*d + 3*x - 4*x - 1239 = a. What are the prime factors of d/10 - 18/45?
41
Let v = 215 - 110. Let w = v + -69. What are the prime factors of w?
2, 3
Suppose 21 = h - 47. Let y = -8 + h. Suppose 5*u - y = 3*u. List the prime factors of u.
2, 3, 5
Let p be 644/5 + 5/25. Suppose -4*w - 13 + p = 0. Suppose 2*n + 4*m = m + 56, -n + w = 2*m. List the prime factors of n.
5
Suppose -732 = -d - 3*w, 3*d - 27*w - 2196 = -25*w. What are the prime factors of d?
2, 3, 61
Let u be ((-8)/12)/(6/(-81)). What